 the greatest common divisor of s and 18?
18
Suppose -3*x + 5*d + 104 = 0, 79*x + d + 88 = 81*x. Calculate the highest common divisor of 6504 and x.
24
Suppose y = 11 - 8. Let l be (-7)/y + 6/(-9). Let r be (l + 18/10)/((-6)/15). What is the greatest common factor of r and 3?
3
Suppose -107 = -5*v + q, -v = 4*v + 4*q - 122. Let c(s) = 157*s**2 - 150*s + 1. Let w be c(1). Calculate the greatest common divisor of v and w.
2
Suppose 0 = -3*d - 3*h + 390, -4*d = h - 325 - 183. Let q = d - 107. Calculate the highest common factor of 171 and q.
19
Suppose a - 10 = -v + 231, 0 = 4*v + a - 970. Let j be 214/8 - 1/(-4). Calculate the highest common factor of v and j.
27
Let d be 8/10*(-72 + 78)*(-25)/(-4). Suppose 0 = i - c - 254, -4*i + 394 = -2*c - 624. What is the highest common factor of i and d?
15
Let h = 465 + -465. Suppose -16*w + 21*w + y - 9297 = h, 3720 = 2*w + y. What is the highest common divisor of 11 and w?
11
Let t(u) be the third derivative of 3*u**5/20 - u**4/6 + 5*u**3/3 - 59*u**2. Let a be t(-5). Calculate the greatest common divisor of a and 102.
51
Let y = -1772 + 2483. Calculate the highest common divisor of y and 27.
9
Suppose -234*q + 29682 = -47070. What is the greatest common factor of 2665 and q?
41
Let n = 394 - 138. Suppose 0 = -23*z - 1411 + 36647. Let w = z - 1500. What is the greatest common factor of n and w?
32
Let w(c) = 2*c**3 + 68*c**2 + 4*c + 157. Let a be w(-34). Calculate the highest common factor of 1428 and a.
21
Suppose -3*f + c = -79, 7*f - 3*f = 2*c + 102. Let l = 46 + -26. Let z = l - 13. Calculate the highest common factor of z and f.
7
Suppose -16 = -240*o + 236*o, o + 63636 = 4*w. Calculate the greatest common divisor of 148 and w.
74
Suppose -4*c - 747 = -2347. Suppose 3*p + 129 = 204. Calculate the highest common factor of c and p.
25
Let c = 245 - 3. Suppose 8*s - c = 118. What is the highest common factor of s and 18?
9
Let w be ((-20)/(-12))/((-8)/(-24)). Let q = 23 - -47. Suppose -q = -w*a + 30. What is the highest common factor of 100 and a?
20
Suppose -12*v = -17*v - 120. Let s be -1 + 69/4 - (-6)/v. Suppose 15*c - s*c + 14 = 0. Calculate the highest common factor of 70 and c.
14
Suppose -68*z = 110*z - 734311 - 108697. What is the greatest common factor of z and 16?
16
Suppose 34*v - 24*v = 60. Suppose -b + 17 = -5*y - 31, 14 = -2*y + 3*b. Let k be (-3 + 66/y)*-5. What is the greatest common divisor of k and v?
6
Suppose 22*q - 22*q - 81*q + 372600 = 0. What is the greatest common divisor of 56 and q?
8
Let z(s) = 3*s**3 - 8*s**2 + 48*s - 297. Let t be z(8). What is the highest common factor of t and 202?
101
Let h be (-18)/3 + 5 - (-110 + 10/(-2)). Calculate the greatest common factor of h and 26619.
57
Let y = -187 - -187. Suppose y = 5*j + 2*s - 1610, -j - 955 = -4*j + s. What is the highest common factor of j and 10?
10
Let i = 33340 + -33300. Let a(m) = -m**2 - 12*m - 11. Let l be a(-9). What is the highest common factor of l and i?
8
Suppose v - 1 = -4*q, 0 = -2*v + 5*q + 7 + 21. Let j = -418 - -424. Calculate the highest common divisor of v and j.
3
Let m(u) = -13*u - 4. Let x be (-4 + 8)*(-5)/10. Let l = x + 0. Let q be m(l). Calculate the greatest common factor of q and 176.
22
Let n be (-2)/(-5) - (-3134)/(-10). Let j be n/(-7) - (-8)/28. Suppose 11*h - 985 = -102*h - 84*h. What is the greatest common factor of j and h?
5
Let x = -160 - -184. Let j be (x/(-7))/((-10)/(-105)*-3). Calculate the highest common factor of 300 and j.
12
Suppose 0 = 3*b + 46 - 88. Suppose -b = -4*l + 90. Suppose -62 = -2*x - 5*d, -2*d = -4*x - d + 102. Calculate the highest common factor of x and l.
26
Let a(m) = -2*m**2 + 5*m - 12. Let o be a(6). Let g = -50 - o. What is the highest common divisor of 32 and g?
4
Let j = 210 - 206. Suppose 4*s = 0, -d + 7 + 7 = -j*s. What is the highest common factor of d and 224?
14
Suppose 4*h - 460 = -3*c + 837, 2*h + c - 649 = 0. Let p(v) = -15*v - 50. Let s be p(-5). What is the greatest common divisor of h and s?
25
Let r = 1312 - 1157. Calculate the greatest common factor of r and 1147.
31
Let f = -753 + 764. Suppose -4*v + f = -2*v + 3*a, 0 = -a - 3. Calculate the greatest common divisor of 160 and v.
10
Suppose 4*p + 243 - 691 = 0. Suppose 163*t - 72*t - 1127 = 68*t. What is the greatest common divisor of t and p?
7
Let i = -12548 - -12656. Calculate the highest common factor of 1215 and i.
27
Let s = 24 + -21. Suppose 2*h - 21 + 9 = -f, -23 = -4*f - s*h. Let z = 22 - f. Calculate the highest common factor of z and 4.
4
Suppose -5*x - 5*p = -4814 - 5041, 3*p - 9 = 0. Calculate the highest common divisor of 384 and x.
48
Let o = 65 - 63. Let s be 0*(o + (-18)/4 + 3). Suppose -9*k + 150 + 201 = s. What is the highest common factor of k and 13?
13
Let n(i) = i**3 + 4*i**2 - 11*i - 5. Let c be n(-4). Let g = 22 - 25. Let z = g - -16. What is the highest common divisor of c and z?
13
Let a be ((-133376)/48)/((-30)/45). Calculate the highest common divisor of a and 24.
8
Let g be ((-9)/10 - -1) + 996/40. What is the highest common factor of g and 725?
25
Let i(y) = y**2 + 3*y - 6. Let k be i(-5). Let p = k - -7. Suppose 34 - p = d. What is the highest common divisor of 138 and d?
23
Suppose -p + 19 = 2. Suppose -l + 3*j = -20, -l - 4*j + j = -8. Let x = p - l. What is the highest common divisor of 3 and x?
3
Suppose 0 = -16*b + 3148 + 5588. What is the highest common factor of 858 and b?
78
Suppose -2*t = 5*f + 26, 2*t - 3*f - 22 = 4*t. Let y be (t/(-60)*-57)/(1/5). Let r be ((-30)/12)/(1/y). Calculate the greatest common factor of 19 and r.
19
Suppose 0 = h + 4, 4*x + 7 = 3*h + 43. Suppose -x*i + 108 = -2*i. Let y be -2 - ((-1148)/63 + 6/i). What is the greatest common factor of 24 and y?
8
Let n = 44 + -24. Let g(z) = -55*z + 735. Let b be g(13). Calculate the highest common divisor of n and b.
20
Suppose -5*a + 19 - 4 = -4*d, 5*d - 9 = -3*a. Let r(n) = 0 + 0*n**2 + n + 12 + 4*n**2. Let h be r(d). What is the greatest common factor of h and 60?
12
Let t be 4 + (3548 - (-5 - -12)) - (-8 + 0). Calculate the greatest common factor of 1672 and t.
209
Let q(m) = -94*m + 17. Let v be q(-5). Suppose -4*r = -105 - v. Suppose g = 259 + r. Calculate the greatest common divisor of g and 37.
37
Suppose 3*w = 15, 37 = -2*c + 3*w + 10. Let z be (-1023)/(-55) + (c/10 - -1). Calculate the highest common divisor of z and 38.
19
Let w = 44 - -84. Suppose -b + 31 + 27 = 2*f, -2*b + w = f. What is the greatest common divisor of b and 99?
33
Suppose 403*f - 401*f - 1710 = 0. Calculate the highest common factor of f and 90.
45
Let q be (3 + 23/(-3))/((-4)/(-330)). Let x = q - -735. Calculate the greatest common factor of 50 and x.
50
Let v(r) = -r**2 + 215*r - 5048. Let o be v(27). Calculate the greatest common factor of o and 31402.
14
Suppose -39*l = -12*l - 69768. What is the highest common factor of 80 and l?
8
Let n(w) = -4*w. Let r = -54 + 64. Let x be n(r). Let j = 52 + x. Calculate the greatest common factor of 96 and j.
12
Let p(k) = -k + 11. Let z be p(6). Let a be (39/6)/(-13) - (4 + 138/(-4)). What is the greatest common divisor of z and a?
5
Suppose 0 = -90*q + 11596 + 5864. Calculate the greatest common factor of 970 and q.
194
Suppose -p = 3*v - 86, 4*v + 411 = -6*p + 11*p. Let a = p + -11. Suppose -15*q = -7*q - a. Calculate the highest common factor of 63 and q.
9
Let g = 2590 - 2395. Let z(a) = 2*a**2 + 12. Let r be z(3). Calculate the greatest common factor of g and r.
15
Suppose 0 = -2*y + 2*d + 108, -6 = -10*d + 13*d. Let w = -186 - -277. Calculate the greatest common divisor of w and y.
13
Let y(p) = -p**2 + 2*p - 12. Let c be y(5). Let l be (1*-1)/(c/2187). Calculate the highest common factor of 9 and l.
9
Let r = -5766 + 6512. What is the greatest common factor of r and 2?
2
Let t = 9558 - 9503. Calculate the greatest common divisor of t and 640.
5
Let i = 43 - 63. Let d = -41 - i. Let q be 35/5*((-120)/d)/4. Calculate the greatest common factor of 40 and q.
10
Let p be (-6)/(-22) - (-4472)/946. What is the highest common factor of 47 and p?
1
Let k(d) = 2*d**3 - 3*d**2 + 3*d - 2. Let w be k(2). Suppose -131*t = -73 - 1761. Calculate the greatest common divisor of t and w.
2
Let t(q) = -235*q + 5172. Let l be t(22). Let m be 2/5 - 43/(-5). Calculate the greatest 